{"id":6811,"date":"2025-09-05T19:26:19","date_gmt":"2025-09-05T18:26:19","guid":{"rendered":"https:\/\/uitgeverijmei.nl\/?post_type=product&#038;p=6811"},"modified":"2025-09-15T22:15:54","modified_gmt":"2025-09-15T21:15:54","slug":"vliegwiel-voor-buurtinitiatieven","status":"publish","type":"product","link":"https:\/\/uitgeverijmei.nl\/?product=vliegwiel-voor-buurtinitiatieven","title":{"rendered":"Vliegwiel voor buurtinitiatieven"},"content":{"rendered":"<p><strong>Van, voor \u00e9n door bewoners:<\/strong>\u00a0d\u00e1t is het geheim van buurtco\u00f6peratie de Eester, het kloppend hart van het Oostelijk Havengebied in Amsterdam. Wat in 2014 begon als een initiatief van enkele bewoners om de buurt veiliger te maken, groeide in tien jaar uit tot een bruisend netwerk van mensen die niet wachten tot \u2018iemand anders\u2019 het doet. Ze steken z\u00e9lf de handen uit de mouwen.<\/p>\n<p>Van burenhulp tot het vergroenen van de buurt. Van theater maken tot een buurtdiner waar zomaar 200 mensen aan tafel schuiven. Als bewoners elkaar vinden, wordt \u00e1lles mogelijk. Inmiddels zetten meer dan tweehonderd buurtgenoten zich dagelijks in voor een veilige, sociale en duurzame wijk.<\/p>\n<p>Een absoluut hoogtepunt? De aankoop van de eigen buurtruimte, gefinancierd door buurtbewoners zelf via leningen en obligaties en gevolgd door een duurzame, circulaire verbouwing. Zo bouwden bewoners letterlijk \u00e9n figuurlijk aan h\u00fan plek: een thuisbasis voor ontmoeting en idee\u00ebn.<\/p>\n<p>Voor dit boek is samen met ruim zestig betrokkenen teruggeblikt: wat werkte, wat ging mis, wat hebben we geleerd? Uit die rijke oogst ontstond het Vliegwielmodel: een praktisch en inspirerend kompas als je in je buurt verschil wilt maken. Met beproefde manieren om idee\u00ebn te laten opborrelen, vindingrijk obstakels te overwinnen en successen met veel vrolijkheid te vieren.<\/p>\n<p>Of je nu een buurtbewoner bent met een goed idee, een initiatiefnemer die een gemeenschap wil laten bloeien, een beleidsmaker of ambtenaar die zoekt naar werkende vormen van bewonersparticipatie of een fondsmedewerker die impactvolle projecten wil steunen: de inzichten, verhalen en praktische tips in dit boek geven je nieuwe energie \u00e9n concrete handvatten om zelf van onderop aan de slag te gaan.<\/p>\n<p>Dit boek is een uitnodiging. Een aanmoediging. Een bewijs dat je samen \u00e9cht een wijk kunt bouwen waarin iedereen mee kan doen. Lees het, laat je inspireren en\u2026 zet je eigen buurt in beweging.<\/p>\n","protected":false},"excerpt":{"rendered":"<p>Van, voor \u00e9n door bewoners:\u00a0d\u00e1t is het geheim van buurtco\u00f6peratie de Eester, het kloppend hart van het Oostelijk Havengebied in Amsterdam. Wat in 2014 begon als een initiatief van enkele bewoners om de buurt veiliger te maken, groeide in tien jaar uit tot een bruisend netwerk van mensen die niet wachten tot \u2018iemand anders\u2019 het [&hellip;]<\/p>\n","protected":false},"featured_media":6815,"template":"","meta":{"_et_pb_use_builder":"","_et_pb_old_content":"","_et_gb_content_width":""},"product_brand":[],"product_cat":[54,45,43,48],"product_tag":[],"class_list":{"0":"post-6811","1":"product","2":"type-product","3":"status-publish","4":"has-post-thumbnail","6":"product_cat-meta-de-vries","7":"product_cat-monica-schokkenbroek","8":"product_cat-petra-hoogerwerf","9":"product_cat-uitgeverij-mei","11":"first","12":"instock","13":"shipping-taxable","14":"product-type-external"},"yoast_head":"<!-- This site is optimized with the Yoast SEO plugin v25.8 - https:\/\/yoast.com\/wordpress\/plugins\/seo\/ -->\n<title>Vliegwiel voor buurtinitiatieven - Uitgeverij Mei<\/title>\n<meta name=\"description\" content=\"Van, voor \u00e9n door bewoners: d\u00e1t is het geheim van buurtco\u00f6peratie de Eester, het kloppend hart van het Oostelijk Havengebied in Amsterdam.\" \/>\n<meta name=\"robots\" content=\"index, follow, max-snippet:-1, max-image-preview:large, max-video-preview:-1\" \/>\n<link rel=\"canonical\" href=\"https:\/\/uitgeverijmei.nl\/?product=vliegwiel-voor-buurtinitiatieven\" \/>\n<meta property=\"og:locale\" content=\"nl_NL\" \/>\n<meta property=\"og:type\" content=\"article\" \/>\n<meta property=\"og:title\" content=\"Vliegwiel voor buurtinitiatieven - Uitgeverij Mei\" \/>\n<meta property=\"og:description\" content=\"Van, voor \u00e9n door bewoners: d\u00e1t is het geheim van buurtco\u00f6peratie de Eester, het kloppend hart van het Oostelijk Havengebied in Amsterdam.\" \/>\n<meta property=\"og:url\" content=\"https:\/\/uitgeverijmei.nl\/?product=vliegwiel-voor-buurtinitiatieven\" \/>\n<meta property=\"og:site_name\" content=\"Uitgeverij Mei\" \/>\n<meta property=\"article:modified_time\" content=\"2025-09-15T21:15:54+00:00\" \/>\n<meta property=\"og:image\" content=\"https:\/\/uitgeverijmei.nl\/wp-content\/uploads\/2025\/09\/Ontwerp-zonder-titel-54.png\" \/>\n\t<meta property=\"og:image:width\" content=\"1000\" \/>\n\t<meta property=\"og:image:height\" content=\"1000\" \/>\n\t<meta property=\"og:image:type\" content=\"image\/png\" \/>\n<meta name=\"twitter:card\" content=\"summary_large_image\" \/>\n<meta name=\"twitter:label1\" content=\"Geschatte leestijd\" \/>\n\t<meta name=\"twitter:data1\" content=\"2 minuten\" \/>\n<script type=\"application\/ld+json\" class=\"yoast-schema-graph\">{\"@context\":\"https:\/\/schema.org\",\"@graph\":[{\"@type\":\"WebPage\",\"@id\":\"https:\/\/uitgeverijmei.nl\/?product=vliegwiel-voor-buurtinitiatieven\",\"url\":\"https:\/\/uitgeverijmei.nl\/?product=vliegwiel-voor-buurtinitiatieven\",\"name\":\"Vliegwiel voor buurtinitiatieven - Uitgeverij Mei\",\"isPartOf\":{\"@id\":\"https:\/\/uitgeverijmei.nl\/#website\"},\"primaryImageOfPage\":{\"@id\":\"https:\/\/uitgeverijmei.nl\/?product=vliegwiel-voor-buurtinitiatieven#primaryimage\"},\"image\":{\"@id\":\"https:\/\/uitgeverijmei.nl\/?product=vliegwiel-voor-buurtinitiatieven#primaryimage\"},\"thumbnailUrl\":\"https:\/\/uitgeverijmei.nl\/wp-content\/uploads\/2025\/09\/Ontwerp-zonder-titel-54.png\",\"datePublished\":\"2025-09-05T18:26:19+00:00\",\"dateModified\":\"2025-09-15T21:15:54+00:00\",\"description\":\"Van, voor \u00e9n door bewoners: d\u00e1t is het geheim van buurtco\u00f6peratie de Eester, het kloppend hart van het Oostelijk Havengebied in Amsterdam.\",\"breadcrumb\":{\"@id\":\"https:\/\/uitgeverijmei.nl\/?product=vliegwiel-voor-buurtinitiatieven#breadcrumb\"},\"inLanguage\":\"nl-NL\",\"potentialAction\":[{\"@type\":\"ReadAction\",\"target\":[\"https:\/\/uitgeverijmei.nl\/?product=vliegwiel-voor-buurtinitiatieven\"]}]},{\"@type\":\"ImageObject\",\"inLanguage\":\"nl-NL\",\"@id\":\"https:\/\/uitgeverijmei.nl\/?product=vliegwiel-voor-buurtinitiatieven#primaryimage\",\"url\":\"https:\/\/uitgeverijmei.nl\/wp-content\/uploads\/2025\/09\/Ontwerp-zonder-titel-54.png\",\"contentUrl\":\"https:\/\/uitgeverijmei.nl\/wp-content\/uploads\/2025\/09\/Ontwerp-zonder-titel-54.png\",\"width\":1000,\"height\":1000,\"caption\":\"Vliegwiel voor buurtinitiatieven\"},{\"@type\":\"BreadcrumbList\",\"@id\":\"https:\/\/uitgeverijmei.nl\/?product=vliegwiel-voor-buurtinitiatieven#breadcrumb\",\"itemListElement\":[{\"@type\":\"ListItem\",\"position\":1,\"name\":\"Home\",\"item\":\"https:\/\/uitgeverijmei.nl\/\"},{\"@type\":\"ListItem\",\"position\":2,\"name\":\"Producten\",\"item\":\"https:\/\/uitgeverijmei.nl\/?post_type=product\"},{\"@type\":\"ListItem\",\"position\":3,\"name\":\"Vliegwiel voor buurtinitiatieven\"}]},{\"@type\":\"WebSite\",\"@id\":\"https:\/\/uitgeverijmei.nl\/#website\",\"url\":\"https:\/\/uitgeverijmei.nl\/\",\"name\":\"Uitgeverij Mei\",\"description\":\"Boeken met Impact. Wij maken met liefde mooie en lekker leesbare boeken.\",\"potentialAction\":[{\"@type\":\"SearchAction\",\"target\":{\"@type\":\"EntryPoint\",\"urlTemplate\":\"https:\/\/uitgeverijmei.nl\/?s={search_term_string}\"},\"query-input\":{\"@type\":\"PropertyValueSpecification\",\"valueRequired\":true,\"valueName\":\"search_term_string\"}}],\"inLanguage\":\"nl-NL\"}]}<\/script>\n<!-- \/ Yoast SEO plugin. -->","yoast_head_json":{"title":"Vliegwiel voor buurtinitiatieven - Uitgeverij Mei","description":"Van, voor \u00e9n door bewoners: d\u00e1t is het geheim van buurtco\u00f6peratie de Eester, het kloppend hart van het Oostelijk Havengebied in Amsterdam.","robots":{"index":"index","follow":"follow","max-snippet":"max-snippet:-1","max-image-preview":"max-image-preview:large","max-video-preview":"max-video-preview:-1"},"canonical":"https:\/\/uitgeverijmei.nl\/?product=vliegwiel-voor-buurtinitiatieven","og_locale":"nl_NL","og_type":"article","og_title":"Vliegwiel voor buurtinitiatieven - Uitgeverij Mei","og_description":"Van, voor \u00e9n door bewoners: d\u00e1t is het geheim van buurtco\u00f6peratie de Eester, het kloppend hart van het Oostelijk Havengebied in Amsterdam.","og_url":"https:\/\/uitgeverijmei.nl\/?product=vliegwiel-voor-buurtinitiatieven","og_site_name":"Uitgeverij Mei","article_modified_time":"2025-09-15T21:15:54+00:00","og_image":[{"width":1000,"height":1000,"url":"https:\/\/uitgeverijmei.nl\/wp-content\/uploads\/2025\/09\/Ontwerp-zonder-titel-54.png","type":"image\/png"}],"twitter_card":"summary_large_image","twitter_misc":{"Geschatte leestijd":"2 minuten"},"schema":{"@context":"https:\/\/schema.org","@graph":[{"@type":"WebPage","@id":"https:\/\/uitgeverijmei.nl\/?product=vliegwiel-voor-buurtinitiatieven","url":"https:\/\/uitgeverijmei.nl\/?product=vliegwiel-voor-buurtinitiatieven","name":"Vliegwiel voor buurtinitiatieven - Uitgeverij Mei","isPartOf":{"@id":"https:\/\/uitgeverijmei.nl\/#website"},"primaryImageOfPage":{"@id":"https:\/\/uitgeverijmei.nl\/?product=vliegwiel-voor-buurtinitiatieven#primaryimage"},"image":{"@id":"https:\/\/uitgeverijmei.nl\/?product=vliegwiel-voor-buurtinitiatieven#primaryimage"},"thumbnailUrl":"https:\/\/uitgeverijmei.nl\/wp-content\/uploads\/2025\/09\/Ontwerp-zonder-titel-54.png","datePublished":"2025-09-05T18:26:19+00:00","dateModified":"2025-09-15T21:15:54+00:00","description":"Van, voor \u00e9n door bewoners: d\u00e1t is het geheim van buurtco\u00f6peratie de Eester, het kloppend hart van het Oostelijk Havengebied in Amsterdam.","breadcrumb":{"@id":"https:\/\/uitgeverijmei.nl\/?product=vliegwiel-voor-buurtinitiatieven#breadcrumb"},"inLanguage":"nl-NL","potentialAction":[{"@type":"ReadAction","target":["https:\/\/uitgeverijmei.nl\/?product=vliegwiel-voor-buurtinitiatieven"]}]},{"@type":"ImageObject","inLanguage":"nl-NL","@id":"https:\/\/uitgeverijmei.nl\/?product=vliegwiel-voor-buurtinitiatieven#primaryimage","url":"https:\/\/uitgeverijmei.nl\/wp-content\/uploads\/2025\/09\/Ontwerp-zonder-titel-54.png","contentUrl":"https:\/\/uitgeverijmei.nl\/wp-content\/uploads\/2025\/09\/Ontwerp-zonder-titel-54.png","width":1000,"height":1000,"caption":"Vliegwiel voor buurtinitiatieven"},{"@type":"BreadcrumbList","@id":"https:\/\/uitgeverijmei.nl\/?product=vliegwiel-voor-buurtinitiatieven#breadcrumb","itemListElement":[{"@type":"ListItem","position":1,"name":"Home","item":"https:\/\/uitgeverijmei.nl\/"},{"@type":"ListItem","position":2,"name":"Producten","item":"https:\/\/uitgeverijmei.nl\/?post_type=product"},{"@type":"ListItem","position":3,"name":"Vliegwiel voor buurtinitiatieven"}]},{"@type":"WebSite","@id":"https:\/\/uitgeverijmei.nl\/#website","url":"https:\/\/uitgeverijmei.nl\/","name":"Uitgeverij Mei","description":"Boeken met Impact. Wij maken met liefde mooie en lekker leesbare boeken.","potentialAction":[{"@type":"SearchAction","target":{"@type":"EntryPoint","urlTemplate":"https:\/\/uitgeverijmei.nl\/?s={search_term_string}"},"query-input":{"@type":"PropertyValueSpecification","valueRequired":true,"valueName":"search_term_string"}}],"inLanguage":"nl-NL"}]}},"jetpack_sharing_enabled":true,"_links":{"self":[{"href":"https:\/\/uitgeverijmei.nl\/index.php?rest_route=\/wp\/v2\/product\/6811","targetHints":{"allow":["GET"]}}],"collection":[{"href":"https:\/\/uitgeverijmei.nl\/index.php?rest_route=\/wp\/v2\/product"}],"about":[{"href":"https:\/\/uitgeverijmei.nl\/index.php?rest_route=\/wp\/v2\/types\/product"}],"wp:featuredmedia":[{"embeddable":true,"href":"https:\/\/uitgeverijmei.nl\/index.php?rest_route=\/wp\/v2\/media\/6815"}],"wp:attachment":[{"href":"https:\/\/uitgeverijmei.nl\/index.php?rest_route=%2Fwp%2Fv2%2Fmedia&parent=6811"}],"wp:term":[{"taxonomy":"product_brand","embeddable":true,"href":"https:\/\/uitgeverijmei.nl\/index.php?rest_route=%2Fwp%2Fv2%2Fproduct_brand&post=6811"},{"taxonomy":"product_cat","embeddable":true,"href":"https:\/\/uitgeverijmei.nl\/index.php?rest_route=%2Fwp%2Fv2%2Fproduct_cat&post=6811"},{"taxonomy":"product_tag","embeddable":true,"href":"https:\/\/uitgeverijmei.nl\/index.php?rest_route=%2Fwp%2Fv2%2Fproduct_tag&post=6811"}],"curies":[{"name":"wp","href":"https:\/\/api.w.org\/{rel}","templated":true}]}}